e thousands digit of 1932?
1
What is the thousands digit of 1139?
1
What is the tens digit of 48965?
6
What is the ten thousands digit of 77667?
7
What is the tens digit of 5537?
3
What is the hundreds digit of 3420?
4
What is the units digit of 984?
4
What is the units digit of 167?
7
What is the hundreds digit of 51047?
0
What is the tens digit of 770?
7
What is the hundreds digit of 3171?
1
What is the units digit of 5323?
3
What is the ten thousands digit of 23147?
2
What is the tens digit of 1364?
6
What is the hundreds digit of 7282?
2
What is the ten thousands digit of 113342?
1
What is the hundreds digit of 7650?
6
What is the hundreds digit of 31215?
2
What is the tens digit of 25049?
4
What is the hundreds digit of 2834?
8
What is the units digit of 431?
1
What is the hundreds digit of 50668?
6
What is the hundreds digit of 963?
9
What is the hundreds digit of 102483?
4
What is the hundreds digit of 14331?
3
What is the hundreds digit of 795?
7
What is the tens digit of 5235?
3
What is the hundreds digit of 4354?
3
What is the hundreds digit of 1075?
0
What is the units digit of 6047?
7
What is the units digit of 18472?
2
What is the hundreds digit of 27907?
9
What is the thousands digit of 1077?
1
What is the units digit of 592?
2
What is the hundreds digit of 8538?
5
What is the hundreds digit of 153?
1
What is the ten thousands digit of 76914?
7
What is the tens digit of 628?
2
What is the units digit of 1002?
2
What is the ten thousands digit of 11820?
1
What is the thousands digit of 2783?
2
What is the thousands digit of 1515?
1
What is the hundreds digit of 892?
8
What is the units digit of 4007?
7
What is the hundreds digit of 3862?
8
What is the hundreds digit of 17319?
3
What is the ten thousands digit of 20384?
2
What is the units digit of 4058?
8
What is the thousands digit of 1583?
1
What is the tens digit of 230?
3
What is the tens digit of 5297?
9
What is the ten thousands digit of 30487?
3
What is the units digit of 2200?
0
What is the tens digit of 8257?
5
What is the hundreds digit of 4272?
2
What is the units digit of 5743?
3
What is the thousands digit of 25920?
5
What is the hundreds digit of 1273?
2
What is the hundreds digit of 1071?
0
What is the ten thousands digit of 105605?
0
What is the hundreds digit of 836?
8
What is the hundreds digit of 337?
3
What is the hundreds digit of 95401?
4
What is the hundreds digit of 40465?
4
What is the tens digit of 18631?
3
What is the tens digit of 256?
5
What is the units digit of 3515?
5
What is the units digit of 10815?
5
What is the hundreds digit of 37240?
2
What is the hundreds digit of 64079?
0
What is the thousands digit of 21270?
1
What is the tens digit of 26?
2
What is the tens digit of 825?
2
What is the units digit of 39?
9
What is the units digit of 958?
8
What is the hundreds digit of 986?
9
What is the hundreds digit of 1077?
0
What is the units digit of 67516?
6
What is the thousands digit of 6423?
6
What is the thousands digit of 2274?
2
What is the tens digit of 2252?
5
What is the ten thousands digit of 58458?
5
What is the units digit of 10371?
1
What is the hundreds digit of 819?
8
What is the thousands digit of 8585?
8
What is the thousands digit of 8549?
8
What is the tens digit of 4687?
8
What is the tens digit of 6763?
6
What is the units digit of 858?
8
What is the thousands digit of 5393?
5
What is the tens digit of 674?
7
What is the units digit of 460?
0
What is the tens digit of 2018?
1
What is the units digit of 92998?
8
What is the hundreds digit of 5235?
2
What is the thousands digit of 2319?
2
What is the tens digit of 1531?
3
What is the hundreds digit of 9701?
7
What is the hundreds digit of 1388?
3
What is the tens digit of 891?
9
What is the hundreds digit of 1716?
7
What is the thousands digit of 168144?
8
What is the thousands digit of 4610?
4
What is the units digit of 60907?
7
What is the tens digit of 123937?
3
What is the thousands digit of 54071?
4
What is the tens digit of 1102?
0
What is the thousands digit of 1204?
1
What is the ten thousands digit of 12943?
1
What is the tens digit of 7512?
1
What is the tens digit of 22304?
0
What is the thousands digit of 2017?
2
What is the tens digit of 38757?
5
What is the hundreds digit of 3018?
0
What is the ten thousands digit of 17485?
1
What is the units digit of 7237?
7
What is the tens digit of 17854?
5
What is the hundreds digit of 854?
8
What is the thousands digit of 3209?
3
What is the hundreds digit of 185086?
0
What is the thousands digit of 2213?
2
What is the hundreds digit of 23470?
4
What is the tens digit of 42?
4
What is the tens digit of 5142?
4
What is the tens digit of 7279?
7
What is the hundreds digit of 11571?
5
What is the units digit of 4194?
4
What is the hundreds digit of 18764?
7
What is the units digit of 575?
5
What is the tens digit of 2787?
8
What is the hundreds digit of 1944?
9
What is the tens digit of 13290?
9
What is the ten thousands digit of 143607?
4
What is the hundreds digit of 13252?
2
What is the thousands digit of 2210?
2
What is the units digit of 37468?
8
What is the units digit of 3323?
3
What is the hundreds digit of 2212?
2
What is the thousands digit of 17704?
7
What is the units digit of 21213?
3
What is the tens digit of 141210?
1
What is the tens digit of 126596?
9
What is the units digit of 327?
7
What is the hundreds digit of 35823?
8
What is the hundreds digit of 20500?
5
What is the units digit of 562?
2
What is the units digit of 23163?
3
What is the units digit of 15259?
9
What is the tens digit of 303?
0
What is the tens digit of 20783?
8
What is the tens digit of 145207?
0
What is the tens digit of 23501?
0
What is the thousands digit of 88475?
8
What is the tens digit of 19327?
2
What is the tens digit of 21419?
1
What is the ten thousands digit of 21653?
2
What is the tens digit of 1287?
8
What is the units digit of 16802?
2
What is the units digit of 13512?
2
What is the units digit of 22235?
5
What is the tens digit of 135192?
9
What is the hundreds digit of 13503?
5
What is the tens digit of 422?
2
What is the units digit of 141248?
8
What is the units digit of 5546?
6
What is the tens digit of 9250?
5
What is the hundreds digit of 2058?
0
What is the tens digit of 42905?
0
What is the hundreds digit of 27427?
4
What is the units digit of 34529?
9
What is the units digit of 90309?
9
What is the hundreds digit of 23817?
8
What is the units digit of 439?
9
What is the thousands digit of 2329?
2
What is the thousands digit of 51738?
1
What is the tens digit of 1060?
6
What is the thousands digit of 7530?
7
What is the hundreds digit of 94927?
9
What is the thousands digit of 4620?
4
What is the tens digit of 65250?
5
What is the tens digit of 3100?
0
What is the hundreds digit of 986?
9
What is the tens digit of 6878?
7
What is the hundreds digit of 3250?
2
What is the hundreds digit of 11099?
0
What is the units digit of 4985?
5
What is the hundreds digit of 16106?
1
What is the ten thousands digit of 36412?
3
What is the thousands digit of 3022?
3
What is the hundred thousands digit of 137392?
1
What is the hundreds digit of 3991?
9
What is the hundreds digit of 143?
1
What is the ten thousands digit of 18774?
1
What is the tens digit of 1465?
6
What is the tens digit of 960?
6
What is the units digit of 21046?
6
What is the tens digit of 4209?
0
What is the thousands digit of 1821?
1
What is the hundreds digit of 22741?
7
What is the hundreds digit of 10395?
3
What is the tens digit of 6756?
5
What is the hundreds digit of 1259?
2
What is the tens digit of 44355?
5
What is the thousands digit of 26582?
6
What is the thousands digit of 5795?
5
What is the thousands digit of 2432?
2
What is the units digit of 81155?
5
What is the hundreds digit of 4999?
9
What is the hundreds digit of 50598?
5
What is the thousands digit of 11200?
1
What is the thousands digit of 1747?
1
What is the hundreds digit of 2607?
6
What is the thousands digit of 1831?
1
What is the tens digit of 74?
7
What is the ten thousands digit of 51634?
5
What is the tens digit of 22029?
2
What is the thousands digit of 6675?
6
What is the units digit of 1236?
6
What is the thousands digit of 50244?
0
What is the hundreds digit of 680?
6
What is t